00?
222111
In base 10, what is 192 + 49?
241
In base 11, what is 97a2 - 1?
97a1
In base 6, what is 31325 + -2?
31323
In base 10, what is 1 + -93318?
-93317
In base 3, what is 1110121002 - -10?
1110121012
In base 16, what is -10e + -4ad?
-5bb
In base 15, what is 16 - 221bc?
-221a6
In base 5, what is 3 + 221412033?
221412041
In base 4, what is -130012231 + -11?
-130012302
In base 6, what is 34 + 45322?
45400
In base 9, what is 81 - 13661?
-13570
In base 14, what is -2 + 325?
323
In base 13, what is 18ca + 491?
208b
In base 5, what is 34333244 - 14?
34333230
In base 12, what is 3 + -4641b?
-46418
In base 13, what is -55 + -376?
-3cb
In base 10, what is 93146 + -4?
93142
In base 12, what is -1a9a + -16?
-1ab4
In base 5, what is -23003 + -202?
-23210
In base 15, what is 34 - -91d?
952
In base 3, what is 0 - 11212121?
-11212121
In base 15, what is 2 - 651e?
-651c
In base 13, what is 211 + 58?
269
In base 3, what is 12 - 21021120012?
-21021120000
In base 10, what is -363280 + -1?
-363281
In base 6, what is 103 - 10345?
-10242
In base 4, what is 2 + -11222221?
-11222213
In base 3, what is -20000 + -200110?
-220110
In base 6, what is -231 - -24201?
23530
In base 14, what is 1b + -54ad?
-5492
In base 9, what is 2138 + 4?
2143
In base 6, what is -203444452 - 3?
-203444455
In base 10, what is -19385 - 7?
-19392
In base 13, what is 2 + -31b1?
-31ac
In base 14, what is 1 - 77426?
-77425
In base 12, what is -38 - -228?
1b0
In base 12, what is b4a + 150b?
2459
In base 11, what is 172085 - 5?
172080
In base 13, what is -3 + -5acb?
-5b01
In base 4, what is 31032 - 2021?
23011
In base 13, what is -3c + 1b8a?
1b4b
In base 16, what is -f09 + -3b?
-f44
In base 15, what is -3 + 14ca6?
14ca3
In base 8, what is -20605 + 1?
-20604
In base 14, what is 2992c + 4?
29932
In base 14, what is -b438 + 4?
-b434
In base 2, what is -1010101101010 - 11010011?
-1011000111101
In base 10, what is 5 - -46173?
46178
In base 16, what is 2ec6 + 1e?
2ee4
In base 13, what is 134 - 241a?
-22b6
In base 14, what is -366ad - 1?
-366b0
In base 13, what is -23b35 + -5?
-23b3a
In base 7, what is 11433 + 4?
11440
In base 16, what is 3 - 27a8?
-27a5
In base 11, what is -3a6 - 305?
-700
In base 15, what is -4d + -12d?
-17b
In base 4, what is -12300022 + -121?
-12300203
In base 8, what is 133055 + -5?
133050
In base 10, what is 22171 - 1?
22170
In base 7, what is -20164 + 461?
-16403
In base 10, what is 7 - 8227?
-8220
In base 14, what is 3 + -1754b4?
-1754b1
In base 10, what is -3329 + -405?
-3734
In base 14, what is 17aa8 - -3?
17aab
In base 10, what is 16 - 1455?
-1439
In base 9, what is -421624 - 3?
-421627
In base 5, what is 104244 + -22?
104222
In base 6, what is 0 + -1132?
-1132
In base 6, what is 1 + 3240535?
3240540
In base 6, what is 52 + -322155?
-322103
In base 7, what is 2 + -32064?
-32062
In base 5, what is 4 + -11023?
-11014
In base 10, what is 640 - -33?
673
In base 13, what is 54b4 + -40?
5474
In base 15, what is -5041 - -3?
-503d
In base 4, what is 103 + 1012333?
1013102
In base 6, what is -10 - -13211455?
13211445
In base 10, what is 488731 + -3?
488728
In base 6, what is 145 + -152?
-3
In base 14, what is 3 + -20a5c?
-20a59
In base 5, what is -1300 + -3144?
-4444
In base 3, what is -1122102 - -11101?
-1111001
In base 6, what is -1104 - 42103?
-43211
In base 12, what is 140532 + -5?
140529
In base 5, what is -11440 - 2211?
-14201
In base 2, what is 1 - -101101111010?
101101111011
In base 13, what is -c - -cb87?
cb78
In base 9, what is 4274 - 24?
4250
In base 4, what is 20210 - 1013?
13131
In base 2, what is -1010101100 - -11000?
-1010010100
In base 10, what is -46955 + 8?
-46947
In base 12, what is -15 - -517?
502
In base 16, what is -25 - -1a44?
1a1f
In base 10, what is 158368 - -5?
158373
In base 12, what is 4 + 18a9a?
18aa2
In base 6, what is 1333 + 121344?
123121
In base 11, what is 43 - 1286?
-1243
In base 2, what is -1 - 1011111111?
-1100000000
In base 12, what is 3a + 1118?
1156
In base 2, what is -10 - -100111101010100110?
100111101010100100
In base 9, what is 271338 + 8?
271347
In base 10, what is 1 + -1443?
-1442
In base 9, what is 13065 - -8?
13074
In base 6, what is -22542 + -102?
-23044
In base 10, what is 817 + 108?
925
In base 14, what is -a - -60339?
6032d
In base 10, what is -215 + -221?
-436
In base 2, what is -101 - 111100000?
-111100101
In base 3, what is 11022111 + 22210?
11122021
In base 4, what is 3 - -33011110?
33011113
In base 3, what is 2202 + 211020?
220222
In base 3, what is 11 + 21000120220?
21000121001
In base 15, what is -1 + -1945?
-1946
In base 10, what is 429867 + 3?
429870
In base 9, what is -410 - 232?
-642
In base 6, what is 2 + -25214?
-25212
In base 9, what is -272237 - -5?
-272232
In base 9, what is -187482 - 5?
-187487
In base 3, what is 1021 - -1201222?
1210020
In base 2, what is -10110100100 - 111100?
-10111100000
In base 11, what is 2352 - 1302?
1050
In base 11, what is -4 - 440a5?
-440a9
In base 12, what is 2495 + 51?
2526
In base 5, what is 3214113 - -3?
3214121
In base 7, what is -1 - 45304?
-45305
In base 9, what is -358 - 530?
-888
In base 12, what is 73a + -5?
735
In base 8, what is 720446 + -5?
720441
In base 13, what is 27 + 4ab?
505
In base 10, what is -2 - 2113?
-2115
In base 13, what is 11a086 - -1?
11a087
In base 6, what is 241251032 - -5?
241251041
In base 3, what is -2202002010 - 10?
-2202002020
In base 11, what is -a070 - -23?
-a048
In base 16, what is -135b + c?
-134f
In base 9, what is -26 - 2430?
-2456
In base 11, what is -90a3 - 3?
-90a6
In base 6, what is 0 - 2544440?
-2544440
In base 3, what is 10 - -2010111122?
2010111202
In base 5, what is 2442 - 144310?
-141313
In base 11, what is 286 + -10116?
-a940
In base 10, what is 341025 + 4?
341029
In base 5, what is -33 + -100320?
-100403
In base 11, what is 425a96 - 4?
425a92
In base 15, what is 3 - 8818?
-8815
In base 3, what is -1201100010 - -10?
-1201100000
In base 2, what is -110 + 1101110101001001?
1101110101000011
In base 11, what is -458 + 89?
-37a
In base 9, what is -105 - 245?
-351
In base 2, what is -1111011010110000111 + 0?
-1111011010110000111
In base 8, what is 3 - -4173363?
4173366
In base 3, what is 221122 - 2102222?
-1111100
In base 12, what is -511 - 1?
-512
In base 11, what is -5 + -277106?
-277110
In base 16, what is -72 - 3c8?
-43a
In base 2, what is -1100001101101 - 110?
-1100001110011
In base 3, what is 0 - -10012000?
10012000
In base 16, what is 1e - 767?
-749
In base 14, what is 729 - 2a3?
466
In base 8, what is 1465 - -126?
1613
In base 5, what is -1143003 - -2?
-1143001
In base 6, what is 5 - -112503?
112512
In base 13, what is -3 + 9c380?
9c37a
In base 3, what is 10200122 - -102022?
11002221
In base 11, what is 6a91 - -9?
6a9a
In base 3, what is -2 + -10020010002012?
-10020010002021
In base 14, what is -168 + -42?
-1aa
In base 3, what is -10021101221 - -11?
-10021101210
In base 4, what is -1221233012 + -1?
-1221233013
In base 2, what is -101100000011101 + 1000010?
-101011111011011
In base 14, what is 5a - -1016?
1072
In base 10, what is 54336 + 9?
54345
In base 12, what is -8 - 783a9?
-783b5
In base 6, what is -1114 + -5150?
-10304
In base 4, what is -112003 + -12?
-112021
In base 14, what is 1c89 - -a?
1c95
In base 11, what is 45 + -270?
-226
In base 10, what is -1584 + 4?
-1580
In base 13, what is -933796 + -4?
-93379a
In base 6, what is -2223 - 50?
-2313
In base 2, what is 1101 - 11111000001?
-11110110100
In base 10, what is -24239 + -5?
-24244
In base 11, what is -13a13a - -4?
-13a136
In base 15, what is 0 - -85a7?
85a7
In base 8, what is 123 - 25300?
-25155
In base 4, what is 22 - -10110121?
10110203
In base 7, what is -2615 + 621?
-1664
In base 5, what is 4012303 - 0?
4012303
In base 13, what is -2 + -13b273?
-13b275
In base 14, what is 1da445 + 2?
1da447
In base 7, what is -2002606 + -1?
-2002610
In base 14, what is 5 + 6a04?
6a09
In base 12, what is 3a6 + 66b?
a55
In base 7, what is 100 - 242?
-142
In base 9, what is -4 - 648483?
-648487
In base 9, what is -12634 - 10?
-12644
In base 14, what is 1 - -25538?
25539
In base 5, what is -10 - 103434?
-103444
In base 5, what is 2 + 102140?
102142
In base 5, what is 114 + 201101?
201220
In base 12, what is 8291a + -3?
82917
In base 8, what is 0 - -57332?
57332
In base 12, what is -12491 + 